{"id":334,"date":"2020-03-19T14:34:32","date_gmt":"2020-03-19T17:34:32","guid":{"rendered":"https:\/\/w3comunicacaointegrada.com.br\/blog\/?page_id=334"},"modified":"2020-09-25T15:12:54","modified_gmt":"2020-09-25T18:12:54","slug":"bicho-de-7-cabecas","status":"publish","type":"page","link":"https:\/\/w3comunicacaointegrada.com.br\/blog\/bicho-de-7-cabecas\/","title":{"rendered":"Bicho de 7 cabe\u00e7as"},"content":{"rendered":"\n<h3 class=\"has-text-align-left wp-block-heading\"><strong>Comunica\u00e7\u00e3o n\u00e3o \u00e9 um bicho de 7 cabe\u00e7as<\/strong><\/h3>\n\n\n\n<figure class=\"wp-block-image size-large\"><img loading=\"lazy\" decoding=\"async\" width=\"768\" height=\"432\" src=\"https:\/\/w3comunicacaointegrada.com.br\/blog\/wp-content\/uploads\/2020\/03\/bicho-de-7.png\" alt=\"\" class=\"wp-image-344\" srcset=\"https:\/\/w3comunicacaointegrada.com.br\/blog\/wp-content\/uploads\/2020\/03\/bicho-de-7.png 768w, https:\/\/w3comunicacaointegrada.com.br\/blog\/wp-content\/uploads\/2020\/03\/bicho-de-7-300x169.png 300w, https:\/\/w3comunicacaointegrada.com.br\/blog\/wp-content\/uploads\/2020\/03\/bicho-de-7-600x338.png 600w\" sizes=\"auto, (max-width: 768px) 100vw, 768px\" \/><\/figure>\n\n\n\n<h5 class=\"has-text-align-left wp-block-heading\"><em>T\u00e1, ok, a gente assume: a express\u00e3o \u00e9 antiga, mas ela nunca fica em desuso, n\u00e3o \u00e9?<\/em><\/h5>\n\n\n\n<p>Quantas\nvezes voc\u00ea ouviu a express\u00e3o \u201cBicho de 7 Cabe\u00e7as\u201d? Milhares, certo? Seja em seu\nsetor profissional ou em algo que \u00e9 muito diferente e voc\u00ea n\u00e3o sabe bem como\nlidar. O fato \u00e9 que a Comunica\u00e7\u00e3o \u00e9 considerada um Bicho de 7 Cabe\u00e7as para\nmuitas pessoas, e isso torna mais dif\u00edcil entender o que n\u00f3s, Comunicadores,\nfazemos.<\/p>\n\n\n\n<p>Primeiro,\nvamos deixar claro: COMUNICA\u00c7\u00c3O N\u00c3O \u00c9 UM BICHO DE 7 CABE\u00c7AS (risos)! E, \u00e9 por\nisso, que na nossa imagem, o bicho tem cabe\u00e7as bem bonitinhas&#8230; Ali\u00e1s,\ngostamos tanto, que cada um da equipe escolheu a sua cabe\u00e7a favorita! Mas, isso\nfica pr\u00e1 um outro textinho&#8230;<\/p>\n\n\n\n<p>A\nComunica\u00e7\u00e3o nos ajuda a \u201cser vistos\u201d por nossos clientes e\/ou concorrentes.\nTorna a sua marca, produto ou servi\u00e7o mais atraente e vend\u00e1vel, ou seja, s\u00f3 \u00e9\nconsumido o que est\u00e1 logo ali, com f\u00e1cil acesso.<\/p>\n\n\n\n<p>Exemplificando&#8230;\nN\u00e3o adianta nada voc\u00ea montar uma lanchonete incr\u00edvel (concorrente direta\ndaquela famosona que come\u00e7a com M), com pre\u00e7o mais acess\u00edveis, produtos de\nmelhor qualidade, ambiente lindo e acolhedor, se voc\u00ea n\u00e3o caprichar na\ndivulga\u00e7\u00e3o.<\/p>\n\n\n\n<p>As\nag\u00eancias de Comunica\u00e7\u00e3o est\u00e3o no mercado para ajudar neste ponto! Tanto off\nquanto online! E o que isso quer dizer? Bom, voc\u00eas receber\u00e3o um estudo de marca\ne material impresso (entre outras coisas) no offline e uma campanha digital\n(m\u00eddias sociais, site, blog, Google, etc.) no online.<\/p>\n\n\n\n<p>Mas,\neste tema fica para um outro dia&#8230; O que precisamos nestas linhas \u00e9\ntranquilizar voc\u00ea e seus colaboradores deixando claro que COMUNICA\u00c7\u00c3O N\u00c3O \u00c9 UM\nBICHO DE 7 CABE\u00c7AS e existem muitas estruturas prontas para atend\u00ea-lo(a)!<\/p>\n\n\n\n<p>Se est\u00e1 nesta fase e cheio de d\u00favidas, a W3 Comunica\u00e7\u00e3o Integrada tem uma equipe de atendimento que pode sanar todas as suas d\u00favidas. Que tal marcar um caf\u00e9 e vir conhecer a nossa ag\u00eancia? Ou podemos ir ao seu neg\u00f3cio para conhecer melhor voc\u00ea e sua equipe&#8230; Agende pelo WhatsApp (11) 99269-2292.<\/p>\n\n\n\n<p><\/p>\n\n\n\n<figure class=\"wp-block-image size-large\"><img loading=\"lazy\" decoding=\"async\" width=\"846\" height=\"476\" src=\"https:\/\/w3comunicacaointegrada.com.br\/blog\/wp-content\/uploads\/2020\/04\/Materia-7.png\" alt=\"\" class=\"wp-image-360\" srcset=\"https:\/\/w3comunicacaointegrada.com.br\/blog\/wp-content\/uploads\/2020\/04\/Materia-7.png 846w, https:\/\/w3comunicacaointegrada.com.br\/blog\/wp-content\/uploads\/2020\/04\/Materia-7-300x169.png 300w, https:\/\/w3comunicacaointegrada.com.br\/blog\/wp-content\/uploads\/2020\/04\/Materia-7-768x432.png 768w, https:\/\/w3comunicacaointegrada.com.br\/blog\/wp-content\/uploads\/2020\/04\/Materia-7-600x338.png 600w\" sizes=\"auto, (max-width: 846px) 100vw, 846px\" \/><\/figure>\n\n\n\n<p class=\"has-text-align-center\"><a rel=\"noreferrer noopener\" href=\"https:\/\/w3comunicacaointegrada.com.br\/blog\/2020\/04\/23\/os-7-servicos-mais-queridinhos-da-comunicacao-para-o-mercado-nacional\/\" target=\"_blank\"><strong>Os 7 servi\u00e7os mais queridinhos da comunica\u00e7\u00e3o para o mercado nacional<\/strong><\/a><\/p>\n\n\n\n<p><\/p>\n\n\n\n<figure class=\"wp-block-image size-large\"><img loading=\"lazy\" decoding=\"async\" width=\"846\" height=\"476\" src=\"https:\/\/w3comunicacaointegrada.com.br\/blog\/wp-content\/uploads\/2020\/05\/Materia-7-2.png\" alt=\"\" class=\"wp-image-385\" srcset=\"https:\/\/w3comunicacaointegrada.com.br\/blog\/wp-content\/uploads\/2020\/05\/Materia-7-2.png 846w, https:\/\/w3comunicacaointegrada.com.br\/blog\/wp-content\/uploads\/2020\/05\/Materia-7-2-300x169.png 300w, https:\/\/w3comunicacaointegrada.com.br\/blog\/wp-content\/uploads\/2020\/05\/Materia-7-2-768x432.png 768w, https:\/\/w3comunicacaointegrada.com.br\/blog\/wp-content\/uploads\/2020\/05\/Materia-7-2-600x338.png 600w\" sizes=\"auto, (max-width: 846px) 100vw, 846px\" \/><\/figure>\n\n\n\n<p class=\"has-text-align-center\"><strong><a rel=\"noreferrer noopener\" href=\"https:\/\/w3comunicacaointegrada.com.br\/blog\/2020\/05\/26\/desvendando-os-7-termos-da-comunicacao-mais-usados\/\" target=\"_blank\">Desvendando os 7 Termos da Comunica\u00e7\u00e3o mais usados<\/a><\/strong><\/p>\n\n\n\n<p><\/p>\n\n\n\n<figure class=\"wp-block-gallery columns-1 is-cropped wp-block-gallery-1 is-layout-flex wp-block-gallery-is-layout-flex\"><ul class=\"blocks-gallery-grid\"><li class=\"blocks-gallery-item\"><figure><img loading=\"lazy\" decoding=\"async\" width=\"846\" height=\"476\" src=\"https:\/\/w3comunicacaointegrada.com.br\/blog\/wp-content\/uploads\/2020\/06\/Materia-7-3b.png\" alt=\"\" data-id=\"407\" data-full-url=\"https:\/\/w3comunicacaointegrada.com.br\/blog\/wp-content\/uploads\/2020\/06\/Materia-7-3b.png\" data-link=\"https:\/\/w3comunicacaointegrada.com.br\/blog\/2020\/06\/29\/as-7-principais-caracteristicas-publico-alvo\/materia-7-3b\/\" class=\"wp-image-407\" srcset=\"https:\/\/w3comunicacaointegrada.com.br\/blog\/wp-content\/uploads\/2020\/06\/Materia-7-3b.png 846w, https:\/\/w3comunicacaointegrada.com.br\/blog\/wp-content\/uploads\/2020\/06\/Materia-7-3b-300x169.png 300w, https:\/\/w3comunicacaointegrada.com.br\/blog\/wp-content\/uploads\/2020\/06\/Materia-7-3b-768x432.png 768w, https:\/\/w3comunicacaointegrada.com.br\/blog\/wp-content\/uploads\/2020\/06\/Materia-7-3b-600x338.png 600w\" sizes=\"auto, (max-width: 846px) 100vw, 846px\" \/><\/figure><\/li><\/ul><\/figure>\n\n\n\n<p class=\"has-text-align-center\"><strong><a rel=\"noreferrer noopener\" href=\"https:\/\/w3comunicacaointegrada.com.br\/blog\/2020\/06\/29\/as-7-principais-caracteristicas-publico-alvo\/\" target=\"_blank\">As 7 principais caracter\u00edsticas para se conhecer o seu p\u00fablico-alvo<\/a><\/strong><\/p>\n\n\n\n<figure class=\"wp-block-image size-large\"><img loading=\"lazy\" decoding=\"async\" width=\"846\" height=\"476\" src=\"https:\/\/w3comunicacaointegrada.com.br\/blog\/wp-content\/uploads\/2020\/07\/4-7Servicos.png\" alt=\"7 perguntas-chave\" class=\"wp-image-412\" srcset=\"https:\/\/w3comunicacaointegrada.com.br\/blog\/wp-content\/uploads\/2020\/07\/4-7Servicos.png 846w, https:\/\/w3comunicacaointegrada.com.br\/blog\/wp-content\/uploads\/2020\/07\/4-7Servicos-300x169.png 300w, https:\/\/w3comunicacaointegrada.com.br\/blog\/wp-content\/uploads\/2020\/07\/4-7Servicos-768x432.png 768w, https:\/\/w3comunicacaointegrada.com.br\/blog\/wp-content\/uploads\/2020\/07\/4-7Servicos-600x338.png 600w\" sizes=\"auto, (max-width: 846px) 100vw, 846px\" \/><\/figure>\n\n\n\n<p class=\"has-text-align-center\"><strong><a href=\"https:\/\/w3comunicacaointegrada.com.br\/blog\/2020\/07\/27\/as-7-perguntas-chave-de-um-briefing-vencedor\/\"><em>As 7 perguntas-chave de um briefing vencedor<\/em><\/a><\/strong><\/p>\n\n\n\n<figure class=\"wp-block-image size-large\"><img loading=\"lazy\" decoding=\"async\" width=\"846\" height=\"476\" src=\"https:\/\/w3comunicacaointegrada.com.br\/blog\/wp-content\/uploads\/2020\/08\/Materia-7.png\" alt=\"7 motivos para investir em marketing digital\" class=\"wp-image-424\" srcset=\"https:\/\/w3comunicacaointegrada.com.br\/blog\/wp-content\/uploads\/2020\/08\/Materia-7.png 846w, https:\/\/w3comunicacaointegrada.com.br\/blog\/wp-content\/uploads\/2020\/08\/Materia-7-300x169.png 300w, https:\/\/w3comunicacaointegrada.com.br\/blog\/wp-content\/uploads\/2020\/08\/Materia-7-768x432.png 768w, https:\/\/w3comunicacaointegrada.com.br\/blog\/wp-content\/uploads\/2020\/08\/Materia-7-600x338.png 600w\" sizes=\"auto, (max-width: 846px) 100vw, 846px\" \/><\/figure>\n\n\n\n<p class=\"has-text-align-center\"><a rel=\"noreferrer noopener\" href=\"https:\/\/w3comunicacaointegrada.com.br\/blog\/2020\/08\/17\/7-motivos-para-investir-em-marketing-digital\/\" target=\"_blank\"><strong><em>Os 7 motivos para investir em marketing digital<\/em><\/strong><\/a><\/p>\n\n\n\n<figure class=\"wp-block-image size-large\"><img loading=\"lazy\" decoding=\"async\" width=\"845\" height=\"475\" src=\"https:\/\/w3comunicacaointegrada.com.br\/blog\/wp-content\/uploads\/2020\/09\/Materia-7.png\" alt=\"ag\u00eancia parceira\" class=\"wp-image-431\" srcset=\"https:\/\/w3comunicacaointegrada.com.br\/blog\/wp-content\/uploads\/2020\/09\/Materia-7.png 845w, https:\/\/w3comunicacaointegrada.com.br\/blog\/wp-content\/uploads\/2020\/09\/Materia-7-300x169.png 300w, https:\/\/w3comunicacaointegrada.com.br\/blog\/wp-content\/uploads\/2020\/09\/Materia-7-768x432.png 768w, https:\/\/w3comunicacaointegrada.com.br\/blog\/wp-content\/uploads\/2020\/09\/Materia-7-600x337.png 600w\" sizes=\"auto, (max-width: 845px) 100vw, 845px\" \/><\/figure>\n\n\n\n<p class=\"has-text-align-center\"><strong><em><a href=\"https:\/\/w3comunicacaointegrada.com.br\/blog\/2020\/09\/25\/os-7-motivos-para-ter-a-w3-como-sua-agencia-parceira\/\" target=\"_blank\" rel=\"noreferrer noopener\">Os 7 motivos para ter a W3 como sua ag\u00eancia parceira<\/a><\/em><\/strong><\/p>\n","protected":false},"excerpt":{"rendered":"<p>Comunica\u00e7\u00e3o n\u00e3o \u00e9 um bicho de 7 cabe\u00e7as T\u00e1, ok, a gente assume: a express\u00e3o \u00e9 antiga, mas ela nunca fica em desuso, n\u00e3o \u00e9? Quantas vezes voc\u00ea ouviu a express\u00e3o \u201cBicho de 7 Cabe\u00e7as\u201d? Milhares, certo? Seja em seu setor profissional ou em algo que \u00e9 muito diferente e voc\u00ea n\u00e3o sabe bem como [&hellip;]<\/p>\n","protected":false},"author":1,"featured_media":0,"parent":0,"menu_order":0,"comment_status":"closed","ping_status":"closed","template":"","meta":{"_mo_disable_npp":"","footnotes":""},"class_list":["post-334","page","type-page","status-publish","hentry"],"_links":{"self":[{"href":"https:\/\/w3comunicacaointegrada.com.br\/blog\/wp-json\/wp\/v2\/pages\/334","targetHints":{"allow":["GET"]}}],"collection":[{"href":"https:\/\/w3comunicacaointegrada.com.br\/blog\/wp-json\/wp\/v2\/pages"}],"about":[{"href":"https:\/\/w3comunicacaointegrada.com.br\/blog\/wp-json\/wp\/v2\/types\/page"}],"author":[{"embeddable":true,"href":"https:\/\/w3comunicacaointegrada.com.br\/blog\/wp-json\/wp\/v2\/users\/1"}],"replies":[{"embeddable":true,"href":"https:\/\/w3comunicacaointegrada.com.br\/blog\/wp-json\/wp\/v2\/comments?post=334"}],"version-history":[{"count":16,"href":"https:\/\/w3comunicacaointegrada.com.br\/blog\/wp-json\/wp\/v2\/pages\/334\/revisions"}],"predecessor-version":[{"id":436,"href":"https:\/\/w3comunicacaointegrada.com.br\/blog\/wp-json\/wp\/v2\/pages\/334\/revisions\/436"}],"wp:attachment":[{"href":"https:\/\/w3comunicacaointegrada.com.br\/blog\/wp-json\/wp\/v2\/media?parent=334"}],"curies":[{"name":"wp","href":"https:\/\/api.w.org\/{rel}","templated":true}]}}